hat is u(-30)?
17
Let u(t) = t**2 - 2678*t - 51227. Determine u(-19).
16
Let n(g) = -423*g**2 + 68944*g + 821. Calculate n(163).
6
Let i(f) = -4*f**2 - 102678*f + 308067. Calculate i(3).
-3
Let u(o) = -o**2 - 7009*o - 139794. Determine u(-20).
-14
Let l(h) = -h**3 + 160*h**2 - 2042*h - 178. What is l(146)?
114
Let k(w) = -8*w**3 + 4*w**2 - 11*w + 8. Determine k(3).
-205
Let j(w) = -32*w**2 - 128*w - 269. What is j(-2)?
-141
Let c(q) = q**3 + 355*q**2 - 8285*q + 3362. Determine c(-377).
-31
Let i(v) = 421*v**2 - 4215*v + 74. Give i(10).
24
Let l(k) = 11355*k + 6404220. What is l(-564)?
0
Let v(d) = -18*d**2 + 13257*d + 59980. Calculate v(741).
-41
Let j(b) = -9*b**3 + 122*b**2 + 568*b + 2758. What is j(18)?
22
Let c(q) = -11*q**3 - 2549*q**2 + 689*q - 1018. Calculate c(-232).
606
Let h(g) = -7*g**2 - 445*g + 9534. Calculate h(-81).
-348
Let y(z) = z**3 + 292*z**2 + 5795*z + 1424196. Calculate y(-289).
4
Let o(q) = -q**3 - 149*q**2 + 366*q + 32400. Determine o(-150).
0
Let c(o) = 8*o**3 - 225*o**2 + 1075*o + 67. What is c(22)?
1
Let m(k) = -k**3 + 987*k**2 - 54749*k - 174. Calculate m(59).
3
Let j(b) = 2*b**3 - 94*b**2 + 2088*b - 98152. Give j(47).
-16
Let t(d) = d**3 + 54*d**2 + 501*d - 15. Give t(-12).
21
Let r(q) = 3677*q - 176366. What is r(48)?
130
Let u(n) = -5*n**3 + 448*n**2 + 206*n - 2230. Give u(90).
110
Let f(x) = -67*x**2 + 152*x - 596. Give f(4).
-1060
Let c(j) = 15*j**2 + 1487*j + 314. Calculate c(-99).
116
Let p(k) = -599*k + 5093. Determine p(7).
900
Let w(d) = 76477*d + 611822. What is w(-8)?
6
Let i(n) = 8977*n + 71786. Determine i(-8).
-30
Let n(l) = l**3 - 53*l**2 + 92*l - 8215. What is n(54)?
-331
Let t(y) = -2*y**2 + 186*y + 4331. Calculate t(-32).
-3669
Let j(f) = 714*f**2 - 15716*f + 174. Calculate j(22).
-2
Let c(o) = -o**3 - 15*o**2 + o + 246. What is c(-10)?
-264
Let i(j) = -2*j**3 + 229*j**2 + 107*j + 836. Calculate i(115).
-84
Let d(q) = -q**3 - 60*q**2 - 484*q + 1644. Give d(-50).
844
Let c(u) = 458*u + 266559. What is c(-582)?
3
Let w(z) = -466*z + 2213. What is w(5)?
-117
Let m(z) = -z**2 + 672*z + 601126. What is m(-509)?
-3
Let l(z) = -z**3 + 52*z**2 - 662*z - 152. Calculate l(29).
-7
Let i(u) = -1252046*u - 2504069. Calculate i(-2).
23
Let m(l) = -6*l**3 + 2014*l**2 + 677*l - 1685. Calculate m(336).
-5
Let k(w) = 227404*w + 6367308. What is k(-28)?
-4
Let y(v) = 917*v - 836. Calculate y(1).
81
Let i(p) = -2223*p**3 + 8892*p**2 - 5*p + 14. Calculate i(4).
-6
Let i(w) = -3*w**3 + 460*w**2 - 1503*w + 439. Determine i(150).
-11
Let c(f) = f**3 - 19*f**2 + 147*f - 1093. Determine c(14).
-15
Let p(t) = 487*t + 14201. Give p(-29).
78
Let w(n) = 244*n**2 - 2777*n + 1003. Determine w(11).
-20
Let x(o) = -1291*o - 694547. Give x(-538).
11
Let f(z) = 4*z**3 - 296*z**2 + 5421*z + 213. What is f(34)?
-433
Let s(y) = y**3 - 16*y**2 - 47*y + 16. Calculate s(12).
-1124
Let b(t) = -t**3 + 24*t**2 + 104*t - 218. Calculate b(27).
403
Let o(p) = -224*p**2 - 2743*p - 804. Calculate o(-12).
-144
Let g(a) = -390*a**2 - 15986*a + 82. Calculate g(-41).
-82
Let s(l) = 6*l**3 + 514*l**2 - 185*l - 1106. Determine s(-86).
12
Let d(z) = 2*z**3 + 19*z**2 - 127*z - 427. Calculate d(-13).
41
Let r(o) = 9*o**2 + 831*o + 482. Calculate r(-93).
1040
Let r(x) = 2008*x + 4643. What is r(-2)?
627
Let a(h) = 170*h**3 - 13772*h**2 + 166*h - 178. Determine a(81).
146
Let f(p) = -p**2 + 411*p - 18527. Give f(51).
-167
Let t(x) = 623*x**2 - 69*x + 68. Give t(1).
622
Let s(m) = 133574*m + 3873649. Determine s(-29).
3
Let n(y) = y**3 - 113*y**2 + 48*y - 5442. Determine n(113).
-18
Let l(o) = -797*o**2 - 5592*o - 97. Calculate l(-7).
-6
Let t(d) = -97*d + 545. Calculate t(-9).
1418
Let w(t) = 5467*t - 278821. Give w(51).
-4
Let b(w) = -w**3 + 27*w**2 - 118*w + 203. What is b(19)?
849
Let j(k) = k**2 + 2034*k + 52816. Determine j(-26).
608
Let d(o) = -8*o**2 - 4*o + 150. What is d(8)?
-394
Let d(o) = -33473*o - 1506201. What is d(-45)?
84
Let m(q) = 1077*q - 457704. Calculate m(425).
21
Let j(b) = 6851*b - 41546. What is j(6)?
-440
Let a(b) = 6*b**3 + 57*b**2 + 71*b - 5. Calculate a(-4).
239
Let g(a) = 487*a - 38920. Give g(80).
40
Let j(v) = 98*v + 17278. Determine j(-176).
30
Let t(x) = -6*x**3 + 1971*x**2 + 1163*x - 57892. Determine t(329).
12
Let u(m) = -m**2 - 11001*m - 808572. What is u(-74)?
26
Let g(n) = 501200*n + 3007191. Give g(-6).
-9
Let x(c) = -8*c**2 + 1244*c - 630. Give x(155).
-10
Let q(p) = -p**2 + 219*p - 7084. What is q(181)?
-206
Let h(r) = 70*r**2 - 2187*r + 3. Give h(31).
-524
Let s(r) = -9143*r + 731451. What is s(80)?
11
Let b(w) = 2658*w + 699036. Calculate b(-263).
-18
Let n(v) = 6*v**3 - 101*v**2 - 136*v + 165. What is n(18)?
-15
Let k(n) = -3*n**2 - 422*n - 7042. What is k(-22)?
790
Let p(s) = 5*s**3 + 760*s**2 + 755*s + 5. Calculate p(-151).
5
Let b(h) = h**3 - 686*h - 147. Determine b(-24).
2493
Let d(l) = 2*l**2 + 2541*l - 46135. Calculate d(18).
251
Let q(b) = b**3 - 88*b**2 + 4374*b - 19793. Give q(5).
2
Let n(a) = -6*a**2 + 645*a + 7393. What is n(-11)?
-428
Let l(b) = 348*b + 50159. Calculate l(-144).
47
Let y(i) = -174*i**2 - 113939*i + 113940. Give y(1).
-173
Let d(m) = -104*m - 19663. Determine d(-189).
-7
Let j(q) = -11555*q + 69334. Determine j(6).
4
Let i(t) = t**3 - 109*t**2 + 51*t + 6167. Give i(108).
11
Let o(w) = 13528*w - 1109299. Give o(82).
-3
Let j(f) = -3070*f + 12287. Determine j(4).
7
Let d(p) = 109*p - 11833. Give d(109).
48
Let q(l) = 20*l**3 + 88*l**2 - 58*l + 21. Determine q(-5).
11
Let x(o) = 3*o**3 + 355*o**2 - 10084*o - 295. What is x(-142)?
-11
Let k(d) = -12*d**2 - 2398*d + 7290. What is k(3)?
-12
Let u(w) = -w**3 + 3*w**2 - 8768*w - 140. What is u(0)?
-140
Let g(a) = 2*a**2 - 455*a + 25258. Calculate g(96).
10
Let p(i) = -1023*i - 1559067. Determine p(-1524).
-15
Let y(o) = -1068*o + 1094. Calculate y(1).
26
Let x(f) = f**2 + 7456*f + 89399. Determine x(-12).
71
Let s(f) = -114*f**2 - 952*f - 336. What is s(-8)?
-16
Let y(l) = l**2 - 112320*l + 43652702. Give y(390).
2
Let a(x) = -9138*x + 191956. Calculate a(21).
58
Let v(n) = 16*n**3 - 119*n**2 + 38*n - 13. Calculate v(7).
-90
Let v(s) = 10*s**3 - 1105*s**2 - 439*s - 12878. Calculate v(111).
-2
Let s(x) = -21*x**2 - 75*x + 408. Determine s(-8).
-336
Let a(q) = 8021*q + 200490. Calculate a(-25).
-35
Let h(p) = -2*p**2 - 640*p - 13635. Determine h(-23).
27
Let v(g) = 494*g**2 - 35574*g + 432. Determine v(72).
0
Let n(h) = -15869*h + 476068. Determine n(30).
-2
Let y(f) = f**3 + 95*f**2 + 1078*f + 924. Calculate y(-82).
-60
Let h(f) = 2*f**3 + 350*f**2 - 8*f - 1678. Calculate h(-175).
-278
Let x(j) = -5*j**2 - 71486*j + 71485. Determine x(1).
-6
Let c(o) = 8*o**2 - 596*o - 1202. Give c(-2).
22
Let d(n) = -37897*n + 341063. Calculate d(9).
-10
Let b(f) = -8*f**3 - 4*f**2 + 56*f - 150. What is b(5)?
-970
Let m(j) = 3366*j - 17026. Give m(5).
-196
Let z(y) = -5*y**3 + 63*y**2 + 70*y - 616. Determine z(13).
-44
Let y(z) = 188*z - 6354. Calculate y(32).
-338
Let t(x) = x**3 + 38*x**2 + 388*x + 436. Calculate t(-18).
-68
Let f(i) = i**3 + 32*i**2 - 908*i + 130. Calculate f(18).
-14
Let j(y) = 310*y**3 + 7126*y**2 + 176*y + 6171. Determine j(-23).
7
Let v(l) = 6343*l - 545462. Calculate v(86).
36
Let g(n) = 5*n**2 - 59099*n + 295368. What is g(5)?
-2
Let v(m) = -m**3 + 31*m**2 - 237*m + 73. Calculate v(18).
19
Let k(v) = -59*v**3 + 3066*v**2 + 115*v - 562. What is k(52)?
10
Let a(c) = 2*c**3 + 130*c**2 - 238*c - 6531. Give a(-66).
465
Let z(q) = -650*q + 18488. Calculate z(28).
288
Let v(z) = -4112*z + 24613. Determine v(6).
-59
Let m(k) = 1642*k + 55827. Give m(-34).
-1
Let w(a) = -237*a - 17733. Calculate w(-77).
516
Let j(w) = 71717*w - 143458. Calculate j(2).
-24
Let s(b) = 2*b**3 + 170*b**2 + 499*b + 933. Give s(-82).
359
Let s(g) = 4*g**3 - 6*g**2 - 39*g + 231. Calculate s(5).
386
Let k(m) = 7*m**2 + 542*m - 2197. Give k(4).
83
Let a(f) = -5*f**3 + 68*f**2 - 289*f + 29. Give a(4).
-359
Let d(t) = -88*t**2 - 3167*t - 234. Determine d(-36).
-270
Let n(f) = f**3 + 85*f**2 - 2193*f - 186418. Determine n(-85).
-13
Let n(y) = -1249837*y - 14998053. What is n(-12)?
-9
Let x(h) = 2407061*h - 14442355. Determine x(6).
11
Let c(m) = m**2 + 129*m - 19033. Determine c(-218).
369
Let q(l) = 126*l**2 + 6644*l + 4769. Calculate q(-52).
-15
Let g(n) = -6660*n